v.
2, 13
Let r = -5051 + 10562. What are the prime factors of r?
3, 11, 167
Let d(u) = -5*u - 9. Let m be d(-5). Let z(r) = 21 - 10 - 16*r + 22 + r**2. List the prime factors of z(m).
3, 11
Suppose 0 = 441*p - 422*p - 138491. What are the prime factors of p?
37, 197
What are the prime factors of (5 - -78713)/((-2)/(-4) - (-3)/2)?
39359
Let d(i) = -23*i + 21. Let k be d(6). Let j = -60 - k. Suppose -m + 100 = -j. What are the prime factors of m?
157
Suppose -19*j - 8448 = -22*j - 5*q, -3*q = 9. List the prime factors of j.
7, 13, 31
Suppose 0 = -w - 4*i - 378 + 5737, 4*w - 21408 = -2*i. List the prime factors of w.
5351
Suppose -21*j + 1332 = -17*j. Let d = j - 317. What are the prime factors of d?
2
Let s be ((-10)/(-6) - 1)/((-4)/(-30)). Suppose 0 = -s*y - i + 2, -2 + 8 = -5*y + 3*i. Suppose 0*o - 17*o + 3094 = y. What are the prime factors of o?
2, 7, 13
What are the prime factors of (-2)/(-32) - (-17365751)/1168?
2, 3, 7, 59
Suppose -x + 3*x = -j + 10, 0 = 4*j. Let w be 2/x - (-526)/10. Suppose -236 = -3*y - 2*d - w, 4*d = 0. What are the prime factors of y?
61
Suppose 3*f = 4*c - 2*f - 19, -3*f + 3 = 0. Let k be c - (2 - -2) - -22. What are the prime factors of (-3)/(-2)*2224/k?
139
Let s(q) = 3*q**2 - 5*q - 4. Let z(w) = -w**2 + 1. Let c(f) = -s(f) - z(f). Let m be c(3). Suppose m = 3*j - 6*j + 204. What are the prime factors of j?
2, 17
Let b = -4550 + 6720. Suppose 2*m = -3*m + b. What are the prime factors of m?
2, 7, 31
Let v be (-652)/2*2/(-4). Let s = v + 131. What are the prime factors of s?
2, 3, 7
Let k(t) = -49*t + 37. Let y(u) = 2. Let l(q) = -k(q) - 4*y(q). What are the prime factors of l(12)?
3, 181
Let o be ((-3)/4 - -2)/(3/1308). Suppose 209 = 2*i + 3*u, -13*i + o = -8*i + 3*u. What are the prime factors of i?
2, 7
Suppose -101*k + 277200 = -31*k - 30*k. What are the prime factors of k?
2, 3, 5, 7, 11
Let f(u) = 52*u**2 - 17*u - 53. Let c be f(-8). Suppose 8*r - c = -r. What are the prime factors of r?
379
Let x(i) = i**3 + 18*i**2 + i + 28. Let f(h) = 4*h**3 + 73*h**2 + 4*h + 112. Let o(l) = -2*f(l) + 9*x(l). What are the prime factors of o(-16)?
2, 3
Suppose 11 + 61 = 18*a. Suppose a = 5*v - 4*v. What are the prime factors of (-2 + 164/(-6))*(-6)/v?
2, 11
Let l(d) = -6*d + 482*d**2 - 2802 + 2807 + d. What are the prime factors of l(1)?
2, 241
Suppose 3 = -3*r, 5002 + 22573 = 2*f + 5*r. List the prime factors of f.
2, 5, 7, 197
Suppose 2*s = -5*n + 39655, 2*s - 10190 = -n - 2259. What are the prime factors of n?
7, 11, 103
Let b(k) = 2*k**2 + 26*k + 60. Let h be b(-10). Suppose h = 12*s + 2091 - 9699. List the prime factors of s.
2, 317
Suppose 46*b = 48*b - 694. List the prime factors of b.
347
Let d = -13972 - -21724. What are the prime factors of d?
2, 3, 17, 19
Let q(u) = 3*u - 49. Let m be q(15). What are the prime factors of m*21/14 - -1241?
5, 13, 19
Suppose 0 = -4*f + 592 + 1252. Let d = f - 40. Suppose d = 8*u - 171. List the prime factors of u.
2, 37
Let n be 2/(2/(-7)) - -1843. Let v = -431 + n. List the prime factors of v.
5, 281
Let s(j) = j**3 + 103*j**2 + 245*j + 1179. List the prime factors of s(-100).
6679
Let l = 0 + -1. Suppose -k = -18*k + 306. List the prime factors of l/6 - (-93)/k.
5
Let u = -35 + -336. Let i = 1083 + u. Let j = i + -488. List the prime factors of j.
2, 7
Let t(x) = 80*x**2 + 120*x + 12. Let c be t(10). Suppose c = 1082*q - 1075*q. List the prime factors of q.
2, 7, 47
Suppose 3*n - 2 = 6*u - 7*u, -3*u = 3*n + 6. Let l be 94/12 - u/24. Suppose -116 = -l*x + 6*x. List the prime factors of x.
2, 29
Let r(s) = 8*s - 65. Let p be r(30). Let b = 149 + p. List the prime factors of b.
2, 3
Suppose -3*h + 4*t - 2*t = -66, -t = 0. Suppose 0 = -4*v - g + 4 + 276, g + 272 = 4*v. Let r = v + h. What are the prime factors of r?
7, 13
Suppose -4*b = 2*i - 0*i - 6, 0 = -4*b - 3*i + 3. Suppose b*y + 42 = -5*s, -2*s = s. Let p(u) = -u**3 - 14*u**2 - 4*u - 19. List the prime factors of p(y).
37
Let v be 6*5/(15/2). Suppose 352 = -28*q + 72*q. Suppose 210 = 3*d - q*h + 3*h, -285 = -v*d + 5*h. List the prime factors of d.
3, 5
Let h(l) = 24*l - 5. Let z(t) = -t. Let j(w) = h(w) - 2*z(w). Let x be j(4). List the prime factors of (7 - 2)/(3 + (-294)/x).
3, 5, 11
Suppose -9 = 2*v - 9*m + 4*m, 0 = 4*v - 4*m. Let c be (234/12)/(-13) - 42/(-4). What are the prime factors of 28*(5 - c/v)?
2, 7
Let h = 16093 + -8232. List the prime factors of h.
7, 1123
Let i(w) = -2*w**2 - 3*w**2 - 411 + 32*w + 420. What are the prime factors of i(6)?
3, 7
Let b(t) = 187*t + 326. What are the prime factors of b(8)?
2, 911
Let f = 45 + 33. Let x = 137 + -6. Let u = x - f. What are the prime factors of u?
53
Let t = 11157 + 3248. List the prime factors of t.
5, 43, 67
Suppose 0 = -4*b + 37*b - 66. Suppose 6*y + b*v - 399 = 5*y, 2*y + 5*v = 801. List the prime factors of y.
3, 131
Let y(j) = -j**2 + 4*j + 100. Let o be y(-7). Suppose 0 = -o*u + 26*u - 2832. What are the prime factors of u?
2, 59
Let b(y) be the third derivative of y**4/3 - y**3 + 7*y**2. Let r be b(-6). List the prime factors of r/(-7) - (-32)/112.
2
List the prime factors of -9*(-3)/(-15) + 110/(-550) - -11927.
3, 5, 53
Let z(n) = 211*n**2 - 13*n - 91. List the prime factors of z(-7).
7, 211
Suppose 0 = 7*t - 5610 - 592. Suppose t + 610 = -11*h. Let c = 263 + h. List the prime factors of c.
127
Let h be (-31)/4*(-2 + -6 - -4). Suppose -1947 = h*i - 28*i. Let c = -389 - i. List the prime factors of c.
2, 5, 13
Let o = 7573 + 8140. List the prime factors of o.
19, 827
Let c(t) = 21*t**3 - 4*t**2 + 12*t + 5. Let q be c(3). Suppose -q + 25 = -l. What are the prime factors of l?
547
Suppose 3*z - z = g - 11, 2*g - 2 = -z. Let y = -272 - -282. Suppose 174 = g*m + 2*s, -48 = -m + 2*s + y. List the prime factors of m.
2, 29
Suppose -4*r = -4*r + 3*r. Suppose n + 0*n + i - 4 = r, -5*i = 0. Suppose -j = -n*y + 709, -4*j - 171 = -y + 10. List the prime factors of y.
3, 59
Let y(x) be the first derivative of -x**4/4 + 7*x**3 + 25*x**2/2 - 13*x - 140. Suppose -2*d + 26 + 18 = 0. List the prime factors of y(d).
53
Suppose -2*c + 15 = -3*r, 0 = -2*c - 4*r - 7 + 1. Suppose 15*s = 13*s + 10. Suppose q + c*l = s*l + 161, -4*l - 171 = -q. What are the prime factors of q?
151
Let a(b) = -4*b**3 + 4*b**2 - 6*b + 5. Let t be a(4). Let j = t + 335. What are the prime factors of j?
2, 31
Let n be (427/(-7)*-3)/1 - -1. Suppose -3*m - 9 = 0, 88 = c - 2*m + 18. Suppose 8*i - c - n = 0. List the prime factors of i.
31
Let p(d) = d**2 + 23*d - 21. Let m be p(-24). Suppose 8327 = 5*f + h, 8321 = 6*f - f + m*h. What are the prime factors of f?
2, 7, 17
List the prime factors of (-7 + 798/(-9))*-249.
7, 41, 83
Let f be (-1 + 144/4)*-437. List the prime factors of 1/13 - f/247.
2, 31
Let c(y) = -4367*y + 338. What are the prime factors of c(-6)?
2, 5, 1327
Let y = -270 - -285. Suppose 3816 = y*n - 2724. List the prime factors of n.
2, 109
Suppose -2565*p + 4690678 - 1258358 = -2525*p. List the prime factors of p.
2, 31, 173
Suppose -25600 = -20*n - 5*n. Suppose 0 = -18*w + 5326 - n. What are the prime factors of w?
239
Let o(h) be the third derivative of h**5/60 + 3*h**4/8 + 7*h**3/2 - 28*h**2. Let b be o(-7). Suppose b*c - 594 = 43. List the prime factors of c.
7, 13
Suppose -5*w - 22 = -37. Suppose 5*q + w*p - 1580 = -2*p, q - 310 = 5*p. What are the prime factors of q?
3, 5, 7
Suppose 0 = l - 3*p - 51, -4*p - 84 = -4*l + 96. Let b(r) = -5*r**2 + 9*r + 35. Let x be b(-3). Let t = x + l. List the prime factors of t.
5
Let v(m) = 7*m + m + 12*m - 8. Let g be v(5). List the prime factors of g*(7/(-2) - -4).
2, 23
Let a = 90500 + -34940. What are the prime factors of a?
2, 3, 5, 463
Let h(d) = 55*d**2 - 9*d + 113. What are the prime factors of h(11)?
3, 13, 19
Let x(z) = 2*z**2 - 21*z + 124. Suppose -2*y = -3*o - 6*y + 66, -2*o - 3*y = -45. What are the prime factors of x(o)?
2, 197
Let u(s) = 2*s + 5 - 8*s - 8*s - 4*s. Suppose 3*m - 5 = 4*k, -32*k + 1 = -3*m - 31*k. List the prime factors of u(m).
23
Suppose -30*c + 239888 = 464138 - 1625970. List the prime factors of c.
2, 11681
Suppose 0 = -22*w - 3*w + 5750. Let r = w + -32. What are the prime factors of r?
2, 3, 11
Let z = -6288 + 12294. What are the prime factors of z?
2, 3, 7, 11, 13
Let a be 2/((-34)/1190 + (-6)/(-14)). Suppose -23*l